{"id":12612,"date":"2018-09-28T14:56:40","date_gmt":"2018-09-28T14:56:40","guid":{"rendered":"https:\/\/template2.orthopediste-lausanne.ch\/formation-continue\/"},"modified":"2025-12-03T07:41:28","modified_gmt":"2025-12-03T07:41:28","slug":"continuing-education","status":"publish","type":"page","link":"https:\/\/template2.orthopediste-lausanne.ch\/en\/continuing-education\/","title":{"rendered":"Continuing education"},"content":{"rendered":"<section>\n<div class=\"container\">\n<div class=\"row p-b-150\">\n<div class=\"col-lg-4\">\n<h1>\n                Continuing education<br \/>\n              <\/h1>\n<p>\n          Throughout the year, Medicol organizes numerous continuing education courses for healthcare professionals. Convinced that knowledge sharing is essential to improving the quality of care, Medicol structures its training around the medical expertise of its members.<\/p>\n<p>These courses are recognized by the umbrella associations of the various specialties and entitle participants to training credits.\n<\/p>\n<\/p><\/div>\n<div class=\"col-xs-12 col-lg-7 col-lg-offset-1\">\n        <img decoding=\"async\" src=\"https:\/\/template2.orthopediste-lausanne.ch\/wp-content\/uploads\/2018\/09\/formation_continue_w.jpg\" alt=\"Continuing education\"\/>\n      <\/div>\n<\/p><\/div>\n<\/p><\/div>\n<\/section>\n<section class=\"white\">\n<div class=\"container\">\n<div class=\"p-tb-150 formation-continue-logo\">\n<h2 class=\"center barre\">\n    Recognized training credits<br \/>\n  <\/h2>\n<div class=\"row\">\n<div class=\"col-xs-12 col-sm-4 col-md-4 col-lg-4\">\n        <img decoding=\"async\" src=\"\/med\/images\/formations\/\/logo_physio_swiss.jpg\" alt=\"Physio Swiss\">\n      <\/div>\n<div class=\"col-xs-12 col-sm-4 col-md-4 col-lg-4\">\n        <img decoding=\"async\" src=\"\/med\/images\/formations\/logo_reha_schweiz.jpg\" alt=\"Reha Schweiz\">\n      <\/div>\n<div class=\"col-xs-12 col-sm-4 col-md-4 col-lg-4\">\n        <img decoding=\"async\" src=\"\/med\/images\/formations\/logo_sems.jpg\" alt=\"SEMS\">\n      <\/div>\n<\/p><\/div>\n<div class=\"row\">\n<div class=\"col-xs-12 col-sm-4 col-md-4 col-lg-4\">\n        <img decoding=\"async\" src=\"\/med\/images\/formations\/logo_ssgim.png\" alt=\"SSGIM\">\n      <\/div>\n<div class=\"col-xs-12 col-sm-4 col-md-4 col-lg-4\">\n        <img decoding=\"async\" src=\"\/med\/images\/formations\/logo_swiss_orthopaedics.jpg\" alt=\"Swiss Orthopaedics\">\n      <\/div>\n<div class=\"col-xs-12 col-sm-4 col-md-4 col-lg-4\">\n        <img decoding=\"async\" src=\"\/med\/images\/formations\/logo_sgr_ssr.jpg\" alt=\"SGR\/SSR\">\n      <\/div>\n<\/p><\/div>\n<\/p><\/div>\n<\/p><\/div>\n<\/section>\n<section>\n<div class=\"container\">\n<div class=\"p-tb-150\">\n<h2 class=\"center barre\">\n    Our events<br \/>\n  <\/h2>\n<p>  {loadmodule mod_roksprocket,Tabs-continue-formation}\n  <\/p><\/div>\n<\/p><\/div>\n<\/section>\n<section class=\"white\">\n<div class=\"container\">\n<div class=\"p-tb-150\">\n<h2 class=\"center barre\">\n    Our upcoming events<br \/>\n  <\/h2>\n<p>     {loadmodule mod_minitekwall,Display home event}<\/p>\n<div class=\"center\">\n         <a href=\"index.php?Itemid=2162&#038;lang=fr-FR\" class=\"link btn-round btn-round-light center\">View past events<\/a>\n     <\/div>\n<\/p><\/div>\n<\/p><\/div>\n<\/section>\n<p><!--\n\n<section id=\"groupe_de_formation\">\n  \n\n<div class=\"container\">\n    \n\n<div class=\"row p-tb-150\">\n      \n \n\n<div class=\"col-xs-12 col-sm-12 col-md-3 col-lg-3\">\n\n\n<h2>\n  M\u00e9decins participant au groupe de formation continue\n  <\/h2>\n\n\n         <\/div>\n\n\n      \n\n<div class=\"col-xs-12 col-sm-12 col-md-9 col-lg-9\">\n        \n\n<div class=\"bloc-white\">\n          \n\n       \n\n<table width=\"100%\">\n         \n\n<tbody>\n         \t  \n\n<tr>\n    \n\n<th>DR AEGERTER JEAN-PHILIPPE<\/th>\n\n\n    \n\n<th>DR ARMADA PATRICE<\/th>\n\n\n    \n\n<th>DR BERDAH DANIEL<\/th>\n\n\n  <\/tr>\n\n\n                    \t  \n\n<tr>\n    \n\n<th>DR BERNEY PASCAL<\/th>\n\n\n    \n\n<th>DR BLANCO RIVERO JOSE LUIS<\/th>\n\n\n    \n\n<th>DR BORLOZ STEPHANE<\/th>\n\n\n  <\/tr>\n\n\n\n\n<tr>\n    \n\n<th>DR BOSS EVA<\/th>\n\n\n    \n\n<th>DR BOSS JEAN-PIERRE<\/th>\n\n\n   \n\n<th>DR BRENN STEVE<\/th>\n\n\n   \n  <\/tr>\n\n\n           \n\n<tr>\n              \n\n<th>DR BREUSS ERIC<\/th>\n\n\n    \n\n<th>DR BURKHALTER HUGUES<\/th>\n\n\n    \n\n<th>DR CHESEAUX MICHEL<\/th>\n\n\n   \n  <\/tr>\n\n\n     \n\n<tr>\n        \n\n<th>DR CHOLLET VINCENT<\/th>\n\n\n    \n\n<th>DR CHRISTEN FRANCOISE<\/th>\n\n\n    \n\n<th>DR CIUBOTARIU IOAN<\/th>\n\n\n    \n  <\/tr>\n\n\n      \n\n<tr>\n        \n\n<th>DR CISSE AMADOU<\/th>\n\n\n    \n\n<th>DR COSTEA FLORIN<\/th>\n\n\n    \n\n<th>DR COSTEA IRINA CERASELLA<\/th>\n\n\n  \n  <\/tr>\n\n\n     \n\n<tr>\n         \n\n<th>DR CUENDET THIERRY<\/th>\n\n\n    \n\n<th>DR DJAHANGIRI ALI<\/th>\n\n\n    \n\n<th>DR DELESSERT ALEXANDRE<\/th>\n\n\n    \n  <\/tr>\n\n\n \n\n<tr>\n   \n\n<th>DR EL-ACHACHI HASSEN<\/th>\n\n\n    \n\n<th>DR ENGEL BETTINA<\/th>\n\n\n    \n\n<th>DR ESTOPPEY JEAN-CHARLES<\/th>\n\n\n    \n  <\/tr>\n\n\n\n\n<tr>\n  \n\n<th>DR FAVARGER NICOLAS<\/th>\n\n\n    \n\n<th>DR FRITSCH CARLO<\/th>\n\n\n    \n\n<th>DR GORCHEV TIHOMIR<\/th>\n\n\n  \n  <\/tr>\n\n\n\n\n<tr>\n    \n\n<th>DR GUTTMANN GIL<\/th>\n\n\n    \n\n<th>DR GUTMANN PHILIPPE<\/th>\n\n\n    \n\n<th>DR HAGMANN MICHA\u00cbL<\/th>\n\n\n    \n  <\/tr>\n\n\n           \n\n<tr>\n             \n\n<th>DR IMHOF URSULA<\/th>\n\n\n    \n\n<th>DR JALLUT ANTOINE<\/th>\n\n\n    \n\n<th>DR JEQUIER VINCENT<\/th>\n\n\n    \n  <\/tr>\n\n\n     \n\n<tr>\n       \n\n<th>PROF JOLLES-HAEBERLI BRIGITTE<\/th>\n\n\n    \n\n<th>DR JOVANOVIC BILJANA<\/th>\n\n\n    \n\n<th>DR KIENER ERIC<\/th>\n\n\n    \n  <\/tr>\n\n\n      \n\n<tr>\n        \n\n<th>DR KOEHLI MELANIE<\/th>\n\n\n    \n\n<th>DR KOSTOVA YANKA<\/th>\n\n\n    \n\n<th>DR KOVATS LAURE<\/th>\n\n\n   \n  <\/tr>\n\n\n    \n\n<tr>\n       \n\n<th>PROF MARCHESI DANTE<\/th>\n\n\n    \n\n<th>DR MELCHIOR-CAPIOT JOCELYNE<\/th>\n\n\n    \n\n<th>DR MARKHAM LYDIA<\/th>\n\n\n  \n  <\/tr>\n\n\n     \n\n<tr>\n         \n\n<th>DR MORAND MARC<\/th>\n\n\n    \n\n<th>DR NAJAND ARMINE<\/th>\n\n\n    \n\n<th>DR NGUYEN THI<\/th>\n\n\n    \n  <\/tr>\n\n\n     \n\n<tr>\n       \n\n<th>DR ODY JEAN-MARIE<\/th>\n\n\n    \n\n<th>DR OPPLIGER SEVERINE<\/th>\n\n\n    \n\n<th>DR PEYRILLES ARNAUD<\/th>\n\n\n   \n  <\/tr>\n\n\n      \n\n<tr>\n         \n\n<th>DR PLIHAL SUMI EVA<\/th>\n\n\n    \n\n<th>DR RAHMIM GUILDA<\/th>\n\n\n    \n\n<th>DR RAVESSOUD MICHEL<\/th>\n\n\n   \n  <\/tr>\n\n\n     \n\n<tr>\n        \n\n<th>DR REY JANNICK<\/th>\n\n\n    \n\n<th>DR REYMOND THIERRY<\/th>\n\n\n    \n\n<th>DR RICHARME DELPHINE<\/th>\n\n\n   \n  <\/tr>\n\n\n       \n\n<tr>\n          \n\n<th>DR SCHAFER DOMINIQUE<\/th>\n\n\n    \n\n<th>DR SCHNEIDER DOMINIQUE<\/th>\n\n\n    \n\n<th>DR SCHWAB ALAIN<\/th>\n\n\n  \n  <\/tr>\n\n\n   \n\n<tr>\n       \n\n<th>DR SCHWED GIRARDIN ARIAN<\/th>\n\n\n    \n\n<th>DR SCHWED GIRARDIN FRANCOIS<\/th>\n\n\n    \n\n<th>DR SISTEK DAVID<\/th>\n\n\n\n  <\/tr>\n\n\n   \n\n<tr>\n         \n\n<th>PROF THEUMANN NICOLAS<\/th>\n\n\n    \n\n<th>DR TZIOUPIS CHRISTOPHER<\/th>\n\n\n    \n\n<th>DR VALLOTTON JACQUES<\/th>\n\n\n   \n  <\/tr>\n\n\n    \n\n<tr>\n       \n\n<th>DR VANDESRASIER DIDIER<\/th>\n\n\n    \n\n<th>DR VAN OTTERLO RONALD<\/th>\n\n\n    \n\n<th>DR VERAGUTH JALLUT ANNE<\/th>\n\n\n   \n  <\/tr>\n\n\n     \n\n<tr>\n        \n\n<th>DR VIENNE PATRICK<\/th>\n\n\n    \n\n<th>DR WYSS SABINE<\/th>\n\n\n    \n\n<th>DR ZAUGG THOMAS<\/th>\n\n\n      \n  <\/tr>\n\n\n         <\/tbody>\n\n\n        <\/table>\n\n\n                 <\/div>\n\n\n      <\/div>\n\n\n <\/div>\n\n\n        <\/div>\n\n\n<\/section>\n\n--><\/p>","protected":false},"excerpt":{"rendered":"<p>Formation continue Tout au long de l&#8217;ann\u00e9e Medicol organise de nombreuses formations continues destin\u00e9es aux professionnels de la sant\u00e9. Persuad\u00e9e que le partage du savoir est essentiel pour am\u00e9liorer la qualit\u00e9 des soins, Medicol organise ses formations autour de l&#8217;expertise m\u00e9dicale de ses membres. Ces formations sont reconnues aupr\u00e8s des associations fa\u00eeti\u00e8res des diverses sp\u00e9cialit\u00e9s [&hellip;]<\/p>\n","protected":false},"author":1,"featured_media":12611,"parent":0,"menu_order":121,"comment_status":"closed","ping_status":"closed","template":"","meta":{"_acf_changed":false,"inline_featured_image":false,"footnotes":""},"categories":[268],"tags":[],"class_list":["post-12612","page","type-page","status-publish","has-post-thumbnail","hentry","category-joomla"],"acf":[],"_links":{"self":[{"href":"https:\/\/template2.orthopediste-lausanne.ch\/en\/wp-json\/wp\/v2\/pages\/12612","targetHints":{"allow":["GET"]}}],"collection":[{"href":"https:\/\/template2.orthopediste-lausanne.ch\/en\/wp-json\/wp\/v2\/pages"}],"about":[{"href":"https:\/\/template2.orthopediste-lausanne.ch\/en\/wp-json\/wp\/v2\/types\/page"}],"author":[{"embeddable":true,"href":"https:\/\/template2.orthopediste-lausanne.ch\/en\/wp-json\/wp\/v2\/users\/1"}],"replies":[{"embeddable":true,"href":"https:\/\/template2.orthopediste-lausanne.ch\/en\/wp-json\/wp\/v2\/comments?post=12612"}],"version-history":[{"count":0,"href":"https:\/\/template2.orthopediste-lausanne.ch\/en\/wp-json\/wp\/v2\/pages\/12612\/revisions"}],"wp:featuredmedia":[{"embeddable":true,"href":"https:\/\/template2.orthopediste-lausanne.ch\/en\/wp-json\/wp\/v2\/media\/12611"}],"wp:attachment":[{"href":"https:\/\/template2.orthopediste-lausanne.ch\/en\/wp-json\/wp\/v2\/media?parent=12612"}],"wp:term":[{"taxonomy":"category","embeddable":true,"href":"https:\/\/template2.orthopediste-lausanne.ch\/en\/wp-json\/wp\/v2\/categories?post=12612"},{"taxonomy":"post_tag","embeddable":true,"href":"https:\/\/template2.orthopediste-lausanne.ch\/en\/wp-json\/wp\/v2\/tags?post=12612"}],"curies":[{"name":"wp","href":"https:\/\/api.w.org\/{rel}","templated":true}]}}

<section>
<div class="container">
<div class="row p-b-150">
<div class="col-lg-4">
<h1>
                Continuing education<br />
              </h1>
<p>
          Throughout the year, Medicol organizes numerous continuing education courses for healthcare professionals. Convinced that knowledge sharing is essential to improving the quality of care, Medicol structures its training around the medical expertise of its members.</p>
<p>These courses are recognized by the umbrella associations of the various specialties and entitle participants to training credits.
</p>
</p></div>
<div class="col-xs-12 col-lg-7 col-lg-offset-1">
        <img decoding="async" src="https://template2.orthopediste-lausanne.ch/wp-content/uploads/2018/09/formation_continue_w.jpg" alt="Continuing education"/>
      </div>
</p></div>
</p></div>
</section>
<section class="white">
<div class="container">
<div class="p-tb-150 formation-continue-logo">
<h2 class="center barre">
    Recognized training credits<br />
  </h2>
<div class="row">
<div class="col-xs-12 col-sm-4 col-md-4 col-lg-4">
        <img decoding="async" src="/med/images/formations//logo_physio_swiss.jpg" alt="Physio Swiss">
      </div>
<div class="col-xs-12 col-sm-4 col-md-4 col-lg-4">
        <img decoding="async" src="/med/images/formations/logo_reha_schweiz.jpg" alt="Reha Schweiz">
      </div>
<div class="col-xs-12 col-sm-4 col-md-4 col-lg-4">
        <img decoding="async" src="/med/images/formations/logo_sems.jpg" alt="SEMS">
      </div>
</p></div>
<div class="row">
<div class="col-xs-12 col-sm-4 col-md-4 col-lg-4">
        <img decoding="async" src="/med/images/formations/logo_ssgim.png" alt="SSGIM">
      </div>
<div class="col-xs-12 col-sm-4 col-md-4 col-lg-4">
        <img decoding="async" src="/med/images/formations/logo_swiss_orthopaedics.jpg" alt="Swiss Orthopaedics">
      </div>
<div class="col-xs-12 col-sm-4 col-md-4 col-lg-4">
        <img decoding="async" src="/med/images/formations/logo_sgr_ssr.jpg" alt="SGR/SSR">
      </div>
</p></div>
</p></div>
</p></div>
</section>
<section>
<div class="container">
<div class="p-tb-150">
<h2 class="center barre">
    Our events<br />
  </h2>
<p>  {loadmodule mod_roksprocket,Tabs-continue-formation}
  </p></div>
</p></div>
</section>
<section class="white">
<div class="container">
<div class="p-tb-150">
<h2 class="center barre">
    Our upcoming events<br />
  </h2>
<p>     {loadmodule mod_minitekwall,Display home event}</p>
<div class="center">
         <a href="index.php?Itemid=2162&#038;lang=fr-FR" class="link btn-round btn-round-light center">View past events</a>
     </div>
</p></div>
</p></div>
</section>
<p><!--

<section id="groupe_de_formation">
  

<div class="container">
    

<div class="row p-tb-150">
      
 

<div class="col-xs-12 col-sm-12 col-md-3 col-lg-3">


<h2>
  Médecins participant au groupe de formation continue
  </h2>


         </div>


      

<div class="col-xs-12 col-sm-12 col-md-9 col-lg-9">
        

<div class="bloc-white">
          

       

<table width="100%">
         

<tbody>
         	  

<tr>
    

<th>DR AEGERTER JEAN-PHILIPPE</th>


    

<th>DR ARMADA PATRICE</th>


    

<th>DR BERDAH DANIEL</th>


  </tr>


                    	  

<tr>
    

<th>DR BERNEY PASCAL</th>


    

<th>DR BLANCO RIVERO JOSE LUIS</th>


    

<th>DR BORLOZ STEPHANE</th>


  </tr>




<tr>
    

<th>DR BOSS EVA</th>


    

<th>DR BOSS JEAN-PIERRE</th>


   

<th>DR BRENN STEVE</th>


   
  </tr>


           

<tr>
              

<th>DR BREUSS ERIC</th>


    

<th>DR BURKHALTER HUGUES</th>


    

<th>DR CHESEAUX MICHEL</th>


   
  </tr>


     

<tr>
        

<th>DR CHOLLET VINCENT</th>


    

<th>DR CHRISTEN FRANCOISE</th>


    

<th>DR CIUBOTARIU IOAN</th>


    
  </tr>


      

<tr>
        

<th>DR CISSE AMADOU</th>


    

<th>DR COSTEA FLORIN</th>


    

<th>DR COSTEA IRINA CERASELLA</th>


  
  </tr>


     

<tr>
         

<th>DR CUENDET THIERRY</th>


    

<th>DR DJAHANGIRI ALI</th>


    

<th>DR DELESSERT ALEXANDRE</th>


    
  </tr>


 

<tr>
   

<th>DR EL-ACHACHI HASSEN</th>


    

<th>DR ENGEL BETTINA</th>


    

<th>DR ESTOPPEY JEAN-CHARLES</th>


    
  </tr>




<tr>
  

<th>DR FAVARGER NICOLAS</th>


    

<th>DR FRITSCH CARLO</th>


    

<th>DR GORCHEV TIHOMIR</th>


  
  </tr>




<tr>
    

<th>DR GUTTMANN GIL</th>


    

<th>DR GUTMANN PHILIPPE</th>


    

<th>DR HAGMANN MICHAËL</th>


    
  </tr>


           

<tr>
             

<th>DR IMHOF URSULA</th>


    

<th>DR JALLUT ANTOINE</th>


    

<th>DR JEQUIER VINCENT</th>


    
  </tr>


     

<tr>
       

<th>PROF JOLLES-HAEBERLI BRIGITTE</th>


    

<th>DR JOVANOVIC BILJANA</th>


    

<th>DR KIENER ERIC</th>


    
  </tr>


      

<tr>
        

<th>DR KOEHLI MELANIE</th>


    

<th>DR KOSTOVA YANKA</th>


    

<th>DR KOVATS LAURE</th>


   
  </tr>


    

<tr>
       

<th>PROF MARCHESI DANTE</th>


    

<th>DR MELCHIOR-CAPIOT JOCELYNE</th>


    

<th>DR MARKHAM LYDIA</th>


  
  </tr>


     

<tr>
         

<th>DR MORAND MARC</th>


    

<th>DR NAJAND ARMINE</th>


    

<th>DR NGUYEN THI</th>


    
  </tr>


     

<tr>
       

<th>DR ODY JEAN-MARIE</th>


    

<th>DR OPPLIGER SEVERINE</th>


    

<th>DR PEYRILLES ARNAUD</th>


   
  </tr>


      

<tr>
         

<th>DR PLIHAL SUMI EVA</th>


    

<th>DR RAHMIM GUILDA</th>


    

<th>DR RAVESSOUD MICHEL</th>


   
  </tr>


     

<tr>
        

<th>DR REY JANNICK</th>


    

<th>DR REYMOND THIERRY</th>


    

<th>DR RICHARME DELPHINE</th>


   
  </tr>


       

<tr>
          

<th>DR SCHAFER DOMINIQUE</th>


    

<th>DR SCHNEIDER DOMINIQUE</th>


    

<th>DR SCHWAB ALAIN</th>


  
  </tr>


   

<tr>
       

<th>DR SCHWED GIRARDIN ARIAN</th>


    

<th>DR SCHWED GIRARDIN FRANCOIS</th>


    

<th>DR SISTEK DAVID</th>



  </tr>


   

<tr>
         

<th>PROF THEUMANN NICOLAS</th>


    

<th>DR TZIOUPIS CHRISTOPHER</th>


    

<th>DR VALLOTTON JACQUES</th>


   
  </tr>


    

<tr>
       

<th>DR VANDESRASIER DIDIER</th>


    

<th>DR VAN OTTERLO RONALD</th>


    

<th>DR VERAGUTH JALLUT ANNE</th>


   
  </tr>


     

<tr>
        

<th>DR VIENNE PATRICK</th>


    

<th>DR WYSS SABINE</th>


    

<th>DR ZAUGG THOMAS</th>


      
  </tr>


         </tbody>


        </table>


                 </div>


      </div>


 </div>


        </div>


</section>

--></p>

<p>Formation continue Tout au long de l&#8217;année Medicol organise de nombreuses formations continues destinées aux professionnels de la santé. Persuadée que le partage du savoir est essentiel pour améliorer la qualité des soins, Medicol organise ses formations autour de l&#8217;expertise médicale de ses membres. Ces formations sont reconnues auprès des associations faîtières des diverses spécialités [&hellip;]</p>
