{"id":12757,"date":"2019-06-20T13:44:18","date_gmt":"2019-06-20T13:44:18","guid":{"rendered":"https:\/\/template2.orthopediste-lausanne.ch\/tea-time\/"},"modified":"2025-12-03T07:41:26","modified_gmt":"2025-12-03T07:41:26","slug":"tea-time","status":"publish","type":"page","link":"https:\/\/template2.orthopediste-lausanne.ch\/en\/tea-time\/","title":{"rendered":"Tea Time"},"content":{"rendered":"<section>\n<div class=\"evenement-intro\">\n<div class=\"evenement-bg\">\n      <img decoding=\"async\" src=\"\/med\/images\/evenements\/tea_time\/tea_time_bg.jpg\">\n    <\/div>\n<div class=\"evenement-box\">\n<div class=\"evenement-intro-text\">\n<h1>\nTea Time<br \/>\n  <\/h1>\n<p>\n            We are delighted to have you with us.<br \/> for this Medicol-Hirslanden event\n          <\/p>\n<p>      <span><br \/>\n      <i class=\"pe-lg pe-7s-date\"><\/i>  September 12, 2019<br \/>\n         <\/span><br \/>\n         <span><br \/>\n        <i class=\"pe-lg pe-7s-map-marker\"><\/i> Ouchy Orthopedic Center<br \/>\n           <\/span><br \/>\n        <a href=\"index.php?Itemid=2066&#038;lang=fr-FR\" class=\"btn btn-round btn-round-full-blue m-t-30\" role=\"button\">Registration<\/a><br \/>\n          <!--<a href=\"#tarif\" class=\"btn btn-round btn-round-full-blue btn-full m-t-30 link-bottom js-scrollTo disabled\" role=\"button\">Complet<\/a>--><br \/>\n          <a href=\"#plus\" class=\"center p-t-20 link-bottom js-scrollTo\">Learn more<\/a>\n    <\/div>\n<\/p><\/div>\n<\/p><\/div>\n<\/section>\n<section id=\"plus\" class=\"grey evenement-intro\">\n<div class=\"container\">\n<div class=\"row p-tb-150\">\n<div  class=\"\">\n<div class=\"col-xs-12 col-sm-12 col-md-12 col-lg-12\">\n<div class=\"\">\n<h4>\n          Introduction<br \/>\n          <\/h4>\n<h2 class=\"barre-l\">\n         Tea Time<br \/>\n        <\/h2>\n<p>\nMedicol is an organization active in various healthcare fields, currently bringing together more than 30 physicians specializing in the musculoskeletal system. Our primary objective is to network the expertise of our member physicians to address the challenges of the healthcare sector in innovative ways. <br \/>\nSimilarly, we would like to meet and connect their secretaries and medical assistants. Indeed, your daily role is of paramount importance in informing patients, ensuring optimal care, and facilitating interprofessional communication. <br \/>\nIn order to get to know each other better, exchange ideas between secretaries and medical assistants and strengthen our valuable collaboration, we would like to invite you to a friendly and informal event. <\/p>\n<p>We sincerely hope we can count on your presence.<\/p>\n<\/p><\/div>\n<\/p><\/div>\n<\/p><\/div>\n<\/p><\/div>\n<\/p><\/div>\n<\/section>\n<section class=\"programme grey\">\n<div class=\"container\">\n<div class=\"animation-trigger\">\n<h2 class=\"center barre animation animated fade-out fade-in\">Program<\/h2>\n<\/div>\n<div class=\"row animation-trigger p-b-150\">\n<div class=\"hidden-xs col-sm-1 col-md-2 col-lg-2 animation animated delay-05s fade-out fade-in\">\n<div class=\"timeline\"><\/div>\n<\/div>\n<div class=\"col-xs-12 col-sm-11 col-md-9 col-lg-8 animation animated fade-out fade-in\">\n<div class=\"box white\">\n<div class=\"box-conf\"><span class=\"box-time\">17:00<\/span><\/p>\n<h3>Welcome drink<\/h3>\n<p><span class=\"box-speaker\"><\/span><\/div>\n<div class=\"box-conf\"><span class=\"box-time\">17:30 \u2013 17:45<\/span><\/p>\n<h3>Positive communication<\/h3>\n<p><span class=\"box-speaker\">David Conte, CTO and psychologist, Medicol<\/span><\/div>\n<div class=\"box-conf\"><span class=\"box-time\">17:45 \u2013 18:00<\/span><\/p>\n<h3>Self-image and zero-shopping makeover<\/h3>\n<p><span class=\"box-speaker\">Julie Blanco, image consulting, Julie&#039;s Wardrobe 1920<\/span><\/div>\n<div class=\"box-conf\"><span class=\"box-time\">18:00<\/span><\/p>\n<h3>Appetizers and surprises<\/h3>\n<\/div>\n<\/div>\n<\/div>\n<\/div>\n<\/div>\n<\/section>\n<section class=\"intervenants\">\n<div class=\"container\">\n<div class=\"p-tb-150\">\n<div class=\"animation-trigger\">\n<h2 class=\"center barre animation animated fade-out fade-in\">\n  Speakers<br \/>\n  <\/h2>\n<div class=\"animation animated delay-05s fade-out fade-in\">\n \t{loadmodule mod_minitekwall,teatime orateurs}\n      <\/div>\n<\/p><\/div>\n<\/p><\/div>\n<\/p><\/div>\n<\/section>\n<section class=\"relative p-t-80 p-b-80\">\n<div class=\"text-lieu\">Ouchy Orthopedic Center<\/div>\n<div class=\"container\">\n<div class=\"row p-t-50 p-b-80\">\n<div class=\"animation-trigger\">\n<div class=\"col-xs-12 col-sm-5 col-md-5 col-lg-5 animation animated fade-out fade-in\">\n<h2 class=\"barre-l\">\n    Places<br \/>\n  <\/h2>\n<p>\nCreated as part of the partnership between Medicol and Hirslanden Clinique Bois-Cerf, the Ouchy Orthopedic Centre offers a medical consultation service specializing in orthopedic surgery and traumatology of the locomotor system, physical medicine and rehabilitation as well as sports medicine.\n  <\/p>\n<\/p><\/div>\n<div class=\"col-xs-12 col-lg-6 col-lg-offset-1 ontop animation animated fade-out fade-in\"><\/div>\n<\/p><\/div>\n<\/p><\/div>\n<\/p><\/div>\n<div class=\"container-fluid\">\n<div class=\"col-xs-12 col-sm-12 col-md-6 col-md-offset-6 col-lg-5 col-lg-offset-7 animation-trigger\">\n<div class=\"relative animation animated delay-05s fade-out fade-in\" style=\"z-index:999;\">\n<div class=\"img-lieu\">\n    <img decoding=\"async\" src=\"https:\/\/template2.orthopediste-lausanne.ch\/wp-content\/uploads\/2019\/06\/tea_time_plan.jpg\">\n          <\/div>\n<\/p><\/div>\n<\/p><\/div>\n<div class=\"row animation-trigger\">\n<div class=\"col-xs-12 col-sm-12 col-md-12 col-lg-10 col-lg-offset-1 animation animated fade-out fade-in\">\n<iframe src=\"https:\/\/www.google.com\/maps\/embed?pb=!1m18!1m12!1m3!1d2745.796175807487!2d6.627622215592855!3d46.51214487912738!2m3!1f0!2f0!3f0!3m2!1i1024!2i768!4f13.1!3m3!1m2!1s0x478c2f285483ad53%3A0x5103b0a8bc25f56e!2sCentre+Orthop%C3%A9dique+d&#39;Ouchy!5e0!3m2!1sfr!2sch!4v1561728268021!5m2!1sfr!2sch\" width=\"100%\" height=\"450\" frameborder=\"0\" style=\"border:0\" allowfullscreen><\/iframe>\n          <\/div>\n<\/p><\/div>\n<\/p><\/div>\n<\/section>\n<section class=\"tarif grey\" id=\"tarif\">\n<div class=\"container\">\n<div class=\"row p-tb-150\">\n<div class=\"col-xs-12 col-sm-12 col-md-8 col-md-offset-2 col-lg-8 col-lg-offset-2\">\n<h2 class=\"center barre\">\n    Registration<br \/>\n  <\/h2>\n<p class=\"center\">\n       We would appreciate it if you could confirm your attendance by August 30, 2019.\n      <\/p>\n<div class=\"inscription center\">\n     <!--\n\n<div class=\"alert alert-danger\" role=\"alert\">\n            \n\n<p class=\"center\">\n        Les inscriptions sont ferm\u00e9es, toutes les places ont \u00e9t\u00e9 attribu\u00e9es.\n      <\/p>\n\n\n        <\/div>\n\n--><br \/>\n      <a href=\"index.php?Itemid=2066&#038;lang=fr-FR\" class=\"btn-round btn-round-blue\">Registration<\/a>\n      <\/div>\n<\/p><\/div>\n<\/p><\/div>\n<\/p><\/div>\n<\/section>","protected":false},"excerpt":{"rendered":"<p>Tea Time Nous nous r\u00e9jouissons de vous compter parmis nous pour cet \u00e9v\u00e8nement Medicol-Hirslanden 12 septembre 2019 Centre Orthop\u00e9dique d&#8217;Ouchy Inscription En savoir plus Introduction Tea Time Medicol est une organisation active dans divers domaines de la sant\u00e9 qui r\u00e9unit aujourd\u2019hui plus de 30 m\u00e9decins sp\u00e9cialistes de l\u2019appareil locomoteur. Notre objectif principal est de mettre [&hellip;]<\/p>\n","protected":false},"author":1,"featured_media":12731,"parent":0,"menu_order":92,"comment_status":"closed","ping_status":"closed","template":"","meta":{"_acf_changed":false,"inline_featured_image":false,"footnotes":""},"categories":[268],"tags":[],"class_list":["post-12757","page","type-page","status-publish","has-post-thumbnail","hentry","category-joomla"],"acf":[],"_links":{"self":[{"href":"https:\/\/template2.orthopediste-lausanne.ch\/en\/wp-json\/wp\/v2\/pages\/12757","targetHints":{"allow":["GET"]}}],"collection":[{"href":"https:\/\/template2.orthopediste-lausanne.ch\/en\/wp-json\/wp\/v2\/pages"}],"about":[{"href":"https:\/\/template2.orthopediste-lausanne.ch\/en\/wp-json\/wp\/v2\/types\/page"}],"author":[{"embeddable":true,"href":"https:\/\/template2.orthopediste-lausanne.ch\/en\/wp-json\/wp\/v2\/users\/1"}],"replies":[{"embeddable":true,"href":"https:\/\/template2.orthopediste-lausanne.ch\/en\/wp-json\/wp\/v2\/comments?post=12757"}],"version-history":[{"count":0,"href":"https:\/\/template2.orthopediste-lausanne.ch\/en\/wp-json\/wp\/v2\/pages\/12757\/revisions"}],"wp:featuredmedia":[{"embeddable":true,"href":"https:\/\/template2.orthopediste-lausanne.ch\/en\/wp-json\/wp\/v2\/media\/12731"}],"wp:attachment":[{"href":"https:\/\/template2.orthopediste-lausanne.ch\/en\/wp-json\/wp\/v2\/media?parent=12757"}],"wp:term":[{"taxonomy":"category","embeddable":true,"href":"https:\/\/template2.orthopediste-lausanne.ch\/en\/wp-json\/wp\/v2\/categories?post=12757"},{"taxonomy":"post_tag","embeddable":true,"href":"https:\/\/template2.orthopediste-lausanne.ch\/en\/wp-json\/wp\/v2\/tags?post=12757"}],"curies":[{"name":"wp","href":"https:\/\/api.w.org\/{rel}","templated":true}]}}

<section>
<div class="evenement-intro">
<div class="evenement-bg">
      <img decoding="async" src="/med/images/evenements/tea_time/tea_time_bg.jpg">
    </div>
<div class="evenement-box">
<div class="evenement-intro-text">
<h1>
Tea Time<br />
  </h1>
<p>
            We are delighted to have you with us.<br /> for this Medicol-Hirslanden event
          </p>
<p>      <span><br />
      <i class="pe-lg pe-7s-date"></i>  September 12, 2019<br />
         </span><br />
         <span><br />
        <i class="pe-lg pe-7s-map-marker"></i> Ouchy Orthopedic Center<br />
           </span><br />
        <a href="index.php?Itemid=2066&#038;lang=fr-FR" class="btn btn-round btn-round-full-blue m-t-30" role="button">Registration</a><br />
          <!--<a href="#tarif" class="btn btn-round btn-round-full-blue btn-full m-t-30 link-bottom js-scrollTo disabled" role="button">Complet</a>--><br />
          <a href="#plus" class="center p-t-20 link-bottom js-scrollTo">Learn more</a>
    </div>
</p></div>
</p></div>
</section>
<section id="plus" class="grey evenement-intro">
<div class="container">
<div class="row p-tb-150">
<div  class="">
<div class="col-xs-12 col-sm-12 col-md-12 col-lg-12">
<div class="">
<h4>
          Introduction<br />
          </h4>
<h2 class="barre-l">
         Tea Time<br />
        </h2>
<p>
Medicol is an organization active in various healthcare fields, currently bringing together more than 30 physicians specializing in the musculoskeletal system. Our primary objective is to network the expertise of our member physicians to address the challenges of the healthcare sector in innovative ways. <br />
Similarly, we would like to meet and connect their secretaries and medical assistants. Indeed, your daily role is of paramount importance in informing patients, ensuring optimal care, and facilitating interprofessional communication. <br />
In order to get to know each other better, exchange ideas between secretaries and medical assistants and strengthen our valuable collaboration, we would like to invite you to a friendly and informal event. </p>
<p>We sincerely hope we can count on your presence.</p>
</p></div>
</p></div>
</p></div>
</p></div>
</p></div>
</section>
<section class="programme grey">
<div class="container">
<div class="animation-trigger">
<h2 class="center barre animation animated fade-out fade-in">Program</h2>
</div>
<div class="row animation-trigger p-b-150">
<div class="hidden-xs col-sm-1 col-md-2 col-lg-2 animation animated delay-05s fade-out fade-in">
<div class="timeline"></div>
</div>
<div class="col-xs-12 col-sm-11 col-md-9 col-lg-8 animation animated fade-out fade-in">
<div class="box white">
<div class="box-conf"><span class="box-time">17:00</span></p>
<h3>Welcome drink</h3>
<p><span class="box-speaker"></span></div>
<div class="box-conf"><span class="box-time">17:30 – 17:45</span></p>
<h3>Positive communication</h3>
<p><span class="box-speaker">David Conte, CTO and psychologist, Medicol</span></div>
<div class="box-conf"><span class="box-time">17:45 – 18:00</span></p>
<h3>Self-image and zero-shopping makeover</h3>
<p><span class="box-speaker">Julie Blanco, image consulting, Julie&#039;s Wardrobe 1920</span></div>
<div class="box-conf"><span class="box-time">18:00</span></p>
<h3>Appetizers and surprises</h3>
</div>
</div>
</div>
</div>
</div>
</section>
<section class="intervenants">
<div class="container">
<div class="p-tb-150">
<div class="animation-trigger">
<h2 class="center barre animation animated fade-out fade-in">
  Speakers<br />
  </h2>
<div class="animation animated delay-05s fade-out fade-in">
 	{loadmodule mod_minitekwall,teatime orateurs}
      </div>
</p></div>
</p></div>
</p></div>
</section>
<section class="relative p-t-80 p-b-80">
<div class="text-lieu">Ouchy Orthopedic Center</div>
<div class="container">
<div class="row p-t-50 p-b-80">
<div class="animation-trigger">
<div class="col-xs-12 col-sm-5 col-md-5 col-lg-5 animation animated fade-out fade-in">
<h2 class="barre-l">
    Places<br />
  </h2>
<p>
Created as part of the partnership between Medicol and Hirslanden Clinique Bois-Cerf, the Ouchy Orthopedic Centre offers a medical consultation service specializing in orthopedic surgery and traumatology of the locomotor system, physical medicine and rehabilitation as well as sports medicine.
  </p>
</p></div>
<div class="col-xs-12 col-lg-6 col-lg-offset-1 ontop animation animated fade-out fade-in"></div>
</p></div>
</p></div>
</p></div>
<div class="container-fluid">
<div class="col-xs-12 col-sm-12 col-md-6 col-md-offset-6 col-lg-5 col-lg-offset-7 animation-trigger">
<div class="relative animation animated delay-05s fade-out fade-in" style="z-index:999;">
<div class="img-lieu">
    <img decoding="async" src="https://template2.orthopediste-lausanne.ch/wp-content/uploads/2019/06/tea_time_plan.jpg">
          </div>
</p></div>
</p></div>
<div class="row animation-trigger">
<div class="col-xs-12 col-sm-12 col-md-12 col-lg-10 col-lg-offset-1 animation animated fade-out fade-in">
<iframe src="https://www.google.com/maps/embed?pb=!1m18!1m12!1m3!1d2745.796175807487!2d6.627622215592855!3d46.51214487912738!2m3!1f0!2f0!3f0!3m2!1i1024!2i768!4f13.1!3m3!1m2!1s0x478c2f285483ad53%3A0x5103b0a8bc25f56e!2sCentre+Orthop%C3%A9dique+d&#39;Ouchy!5e0!3m2!1sfr!2sch!4v1561728268021!5m2!1sfr!2sch" width="100%" height="450" frameborder="0" style="border:0" allowfullscreen></iframe>
          </div>
</p></div>
</p></div>
</section>
<section class="tarif grey" id="tarif">
<div class="container">
<div class="row p-tb-150">
<div class="col-xs-12 col-sm-12 col-md-8 col-md-offset-2 col-lg-8 col-lg-offset-2">
<h2 class="center barre">
    Registration<br />
  </h2>
<p class="center">
       We would appreciate it if you could confirm your attendance by August 30, 2019.
      </p>
<div class="inscription center">
     <!--

<div class="alert alert-danger" role="alert">
            

<p class="center">
        Les inscriptions sont fermées, toutes les places ont été attribuées.
      </p>


        </div>

--><br />
      <a href="index.php?Itemid=2066&#038;lang=fr-FR" class="btn-round btn-round-blue">Registration</a>
      </div>
</p></div>
</p></div>
</p></div>
</section>

<p>Tea Time Nous nous réjouissons de vous compter parmis nous pour cet évènement Medicol-Hirslanden 12 septembre 2019 Centre Orthopédique d&#8217;Ouchy Inscription En savoir plus Introduction Tea Time Medicol est une organisation active dans divers domaines de la santé qui réunit aujourd’hui plus de 30 médecins spécialistes de l’appareil locomoteur. Notre objectif principal est de mettre [&hellip;]</p>
