{"id":13001,"date":"2024-05-02T11:44:18","date_gmt":"2024-05-02T11:44:18","guid":{"rendered":"https:\/\/template2.orthopediste-lausanne.ch\/appareil-locomoteur-bilans-fonctionnels-et-outils-connectes\/"},"modified":"2025-12-03T07:40:34","modified_gmt":"2025-12-03T07:40:34","slug":"musculoskeletal-system-functional-assessments-and-connected-tools","status":"publish","type":"page","link":"https:\/\/template2.orthopediste-lausanne.ch\/en\/musculoskeletal-system-functional-assessments-and-connected-tools\/","title":{"rendered":"Locomotor system: functional assessments and connected tools"},"content":{"rendered":"<section>\n<div class=\"evenement-intro\">\n<div class=\"evenement-bg\">\n<a href=\"index.php\/fr\/toutes-les-videos\/itemlist\/filter?searchword5=Lunch+meeting&#038;searchword9=Appareil+locomoteur%3A+bilans+fonctionnels+et+outils+connect%C3%A9s&#038;moduleId=369&#038;Itemid=1731\" alt=\"Voir la rediffusion de l'\u00e9v\u00e8nement\"><i class=\"fa fa-play-circle\"><\/i><\/p>\n<div>Watch the replay<\/div>\n<p><\/a><br \/>\n      <img decoding=\"async\" src=\"https:\/\/template2.orthopediste-lausanne.ch\/wp-content\/uploads\/2024\/05\/lunch_meeting_mai_2024_home.jpg\">\n    <\/div>\n<div class=\"evenement-box\">\n<div class=\"evenement-intro-text\">\n<h4>\n    Lunch meetings<br \/>\n  <\/h4>\n<h1>\n Locomotor system: functional assessments and connected tools<br \/>\n  <\/h1>\n<p>      <span><br \/>\n        <i class=\"pe-lg pe-7s-date\"><\/i> May 2, 2024<br \/>\n         <\/span><br \/>\n          <span><br \/>\n          <i class=\"pe-lg pe-7s-micro\"><\/i>Dr. Jacques Vallotton, Dr. Nicolas Fragni\u00e8re and Dr. C\u00e9dric Gubelmann<br \/>\n          <\/span><br \/>\n         <span><br \/>\n        <i class=\"pe-lg pe-7s-map-marker\"><\/i>  Peace Hotel \u2013 Lausanne<br \/>\n           <\/span><br \/>\n         <!-- \n\n<div class=\"alert alert-warning center  m-t-30\" role=\"alert\">\n  Moins de 5 places restantes!\n<\/div>\n\n--><br \/>\n<!--<a href=\"index.php?Itemid=2619&lang=fr-FR\" class=\"btn btn-round btn-round-full-blue m-t-30\" role=\"button\">Inscription<\/a>--><br \/>\n        <!--  <a href=\"#tarif\" class=\"btn btn-round btn-round-full-blue btn-full m-t-30 link-bottom js-scrollTo disabled\" role=\"button\">\u00c9v\u00e9nement termin\u00e9<\/a>--><br \/>\n      <a href=\"#tarif\" class=\"btn btn-round btn-round-full-blue btn-full m-t-30 link-bottom js-scrollTo disabled\" role=\"button\">Registration closed<\/a><br \/>\n          <a href=\"#plus\" class=\"center p-t-20 link-bottom js-scrollTo\">Learn more<\/a>\n    <\/div>\n<\/p><\/div>\n<\/p><\/div>\n<\/section>\n<section id=\"plus\" class=\"grey evenement-intro\">\n<div class=\"container\">\n<div class=\"row p-tb-150\">\n<div  class=\"\">\n<div class=\"col-xs-12 col-sm-8 col-md-7 col-lg-6\">\n<div class=\"\">\n<h4>\n          Introduction<br \/>\n          <\/h4>\n<h2 class=\"barre-l\">\n         Lunch Meetings<br \/>\n        <\/h2>\n<p>\nIn collaboration with the Bois-Cerf Clinic, we are delighted to announce that the first Lunch Meeting of this year will take place on May 2, 2024.<\/p>\n<p>This series of events aims to bring the medical community together around topics that facilitate daily practice in clinics. In this context, three conferences will be presented, addressing the role of functional assessments and connected devices in the management of the most common joint pathologies.\n  <\/p>\n<\/p><\/div>\n<\/p><\/div>\n<div class=\"col-xs-12 col-sm-4 col-md-4 col-md-offset-1 col-lg-5 col-lg-offset-1\">\n<div class=\"\">\n<div class=\"white box\">\n<h2 class=\"barre-l\">\n          Info<br \/>\n          <\/h2>\n<div class=\"info_ligne\"><span>Kind:<\/span><strong>In person or streaming<\/strong><\/div>\n<div class=\"info_ligne\"><span>Date:<\/span><strong>May 2, 2024<\/strong><\/div>\n<div class=\"info_ligne\"><span>Hour:<\/span><strong>11:50 a.m. \u2013 2:00 p.m.<\/strong><\/div>\n<div class=\"info_ligne\"><span>Credits:<\/span><strong>1 SSMIG\/SGAIM credit<\/strong><\/div>\n<div class=\"info_ligne\"><span>Place:<\/span><strong>Peace Hotel \u2013 Lausanne<\/strong><\/div>\n<div class=\"info_ligne\"><span>Parking:<\/span><strong><a href=\"https:\/\/goo.gl\/maps\/eHyU1A32ndEFLjES6\" target=\"_blank\" rel=\"noopener\">Mon-Repos<\/a> Or <a href=\"https:\/\/goo.gl\/maps\/MSz7kGC9dugEDZby8\" target=\"_blank\" rel=\"noopener\">Caroline Cooperative<\/a>, 5 min. walk from the Hotel de la Paix<\/strong><\/div>\n<\/p><\/div>\n<\/p><\/div>\n<\/p><\/div>\n<\/p><\/div>\n<\/p><\/div>\n<\/p><\/div>\n<\/section>\n<section class=\"intervenants\">\n<div class=\"container\">\n<div class=\"p-t-150 p-b-120\">\n<div class=\"animation-trigger\">\n<h2 class=\"center barre animation animated fade-out fade-in\">\n  Speakers<br \/>\n  <\/h2>\n<div class=\"animation animated delay-05s fade-out fade-in\">\n    {loadmodule mod_minitekwall, lunch meeting May 2024}\n      <\/div>\n<\/p><\/div>\n<\/p><\/div>\n<\/p><\/div>\n<\/section>\n<section class=\"sponsors grey\">\n<div class=\"container\">\n<div class=\"p-tb-80\">\n<div class=\"animation-trigger\">\n<h2 class=\"center barre animation animated fade-out fade-in\">Sponsors<\/h2>\n<\/div>\n<div class=\"animation-trigger sponsors-bloc\">\n<div class=\"row\">\n<div class=\"col-xs-12 animation animated fade-out fade-in\">\n<h4>Partners<\/h4>\n<\/div>\n<\/div>\n<div class=\"row\">\n<div class=\"col-xs-12 col-sm-6 col-md-6 col-lg-6 animation animated delay-05s fade-out fade-in\"><a href=\"https:\/\/www.hirslanden.ch\/fr\/clinique-bois-cerf\/home.html\" target=\"_blank\" rel=\"noopener\"><img decoding=\"async\" alt=\"Hirslanden\" src=\"images\/logo\/logo_hirslanden_BC.png\" \/><\/a><\/div>\n<div class=\"col-xs-12 col-sm-6 col-md-6 col-lg-6 animation animated delay-05s fade-out fade-in\"><a href=\"https:\/\/www.centre-ortho.ch\" target=\"_blank\" rel=\"noopener\"><img decoding=\"async\" style=\"padding:19px 0;\" alt=\"Ouchy Orthopedic Center\" src=\"images\/logo_coo.png\" \/><\/a><\/div>\n<\/div>\n<\/div>\n<div class=\"animation-trigger sponsors-bloc\">\n<div class=\"row\">\n<div class=\"col-xs-12\">\n<h4 class=\"animation animated fade-out fade-in\">Gold Sponsor<\/h4>\n<\/div>\n<\/div>\n<div class=\"row\">\n<div class=\"col-xs-12 col-sm-6 col-md-6 col-lg-6 animation animated delay-1s fade-out fade-in\"><a href=\"https:\/\/permamed.ch\/fr\/\" target=\"_blank\" rel=\"noopener\"><img decoding=\"async\" alt=\"Permamed\" src=\"images\/logo\/logo_permamed.png\" \/><\/a><\/div>\n<\/div>\n<\/div>\n<\/div>\n<\/div>\n<\/section>\n<section class=\"relative\">\n<div class=\"container\">\n<div class=\"row p-t-120 p-b-80\">\n<div class=\"animation-trigger\">\n<div class=\"col-xs-12 col-sm-5 col-md-5 col-lg-5 animation animated fade-out fade-in\">\n<h4>\n      Place<br \/>\n    <\/h4>\n<h2 class=\"barre-l\">\n  Peace Hotel<br \/>\n  <\/h2>\n<p>\nLocated in downtown Lausanne, the H\u00f4tel de la Paix welcomes you in a luxurious setting and offers breathtaking views of the Lake Geneva region. <a href=\"https:\/\/www.hoteldelapaix.net\/fr\/\" target=\"_blank\" rel=\"noopener\">Learn more<\/a>\n  <\/p>\n<\/p><\/div>\n<div class=\"col-xs-12 col-lg-6 col-lg-offset-1 ontop animation animated fade-out fade-in\"><\/div>\n<\/p><\/div>\n<\/p><\/div>\n<\/p><\/div>\n<div class=\"container-fluid\">\n<div class=\"col-xs-12 col-sm-12 col-md-6 col-md-offset-6 col-lg-5 col-lg-offset-7 animation-trigger\">\n<div class=\"relative animation animated delay-05s fade-out fade-in\" style=\"z-index:999;\">\n<div class=\"img-lieu\">\n    <img decoding=\"async\" src=\"images\/evenements\/hotel_de_la_paix.jpg\">\n          <\/div>\n<\/p><\/div>\n<\/p><\/div>\n<div class=\"row animation-trigger\">\n<div class=\"map animation animated fade-out fade-in\">\n<iframe src=\"https:\/\/www.google.com\/maps\/embed?pb=!1m18!1m12!1m3!1d2745.4413193776886!2d6.634579152337729!3d46.51916827902508!2m3!1f0!2f0!3f0!3m2!1i1024!2i768!4f13.1!3m3!1m2!1s0x478c2f3537b7e4ad%3A0x41885788c18adb02!2sH%C3%B4tel%20de%20la%20Paix%20Lausanne!5e0!3m2!1sfr!2sch!4v1657014771273!5m2!1sfr!2sch\" width=\"100%\" height=\"600\" frameborder=\"0\" style=\"border:0\" allowfullscreen><\/iframe>\n          <\/div>\n<\/p><\/div>\n<\/p><\/div>\n<\/section>\n<section class=\"tarif grey\" id=\"tarif\">\n<div class=\"container\">\n<div class=\"row p-tb-120\">\n<div class=\"col-xs-12 col-sm-12 col-md-8 col-md-offset-2 col-lg-8 col-lg-offset-2\">\n<h2 class=\"center barre\">\n    Registration<br \/>\n  <\/h2>\n<p class=\"center\">\n        This training is reserved exclusively for doctors. Registration is available for live streaming sessions online.\n      <\/p>\n<div class=\"inscription center\">\n  <!-- \n\n<div class=\"alert alert-danger\" role=\"alert\">\n            \n\n<p class=\"center\">\n\u00c9v\u00e9nement termin\u00e9\n      <\/p>\n\n\n        <\/div>\n\n--><br \/>\n<!--<a href=\"index.php?Itemid=2619&lang=fr-FR\" class=\"btn-round btn-round-blue\">Inscription<\/a>--><\/p>\n<p>     <a href=\"#tarif\" class=\"btn btn-round btn-round-full-blue btn-full  disabled\" role=\"button\">Registration closed<\/a>\n      <\/div>\n<\/p><\/div>\n<\/p><\/div>\n<\/p><\/div>\n<\/section>","protected":false},"excerpt":{"rendered":"<p>Voir la rediffusion Lunch meetings Appareil locomoteur: bilans fonctionnels et outils connect\u00e9s 2 mai 2024 Dr Jacques Vallotton, Dr Nicolas Fragni\u00e8re et Dr C\u00e9dric Gubelmann H\u00f4tel de la Paix &#8211; Lausanne Inscription close En savoir plus Introduction Lunch Meetings En collaboration avec la Clinique Bois-Cerf, nous sommes ravis de vous annoncer que le premier Lunch [&hellip;]<\/p>\n","protected":false},"author":1,"featured_media":0,"parent":0,"menu_order":5,"comment_status":"closed","ping_status":"closed","template":"","meta":{"_acf_changed":false,"inline_featured_image":false,"footnotes":""},"categories":[268],"tags":[140],"class_list":["post-13001","page","type-page","status-publish","hentry","category-joomla","tag-termine"],"acf":[],"_links":{"self":[{"href":"https:\/\/template2.orthopediste-lausanne.ch\/en\/wp-json\/wp\/v2\/pages\/13001","targetHints":{"allow":["GET"]}}],"collection":[{"href":"https:\/\/template2.orthopediste-lausanne.ch\/en\/wp-json\/wp\/v2\/pages"}],"about":[{"href":"https:\/\/template2.orthopediste-lausanne.ch\/en\/wp-json\/wp\/v2\/types\/page"}],"author":[{"embeddable":true,"href":"https:\/\/template2.orthopediste-lausanne.ch\/en\/wp-json\/wp\/v2\/users\/1"}],"replies":[{"embeddable":true,"href":"https:\/\/template2.orthopediste-lausanne.ch\/en\/wp-json\/wp\/v2\/comments?post=13001"}],"version-history":[{"count":0,"href":"https:\/\/template2.orthopediste-lausanne.ch\/en\/wp-json\/wp\/v2\/pages\/13001\/revisions"}],"wp:attachment":[{"href":"https:\/\/template2.orthopediste-lausanne.ch\/en\/wp-json\/wp\/v2\/media?parent=13001"}],"wp:term":[{"taxonomy":"category","embeddable":true,"href":"https:\/\/template2.orthopediste-lausanne.ch\/en\/wp-json\/wp\/v2\/categories?post=13001"},{"taxonomy":"post_tag","embeddable":true,"href":"https:\/\/template2.orthopediste-lausanne.ch\/en\/wp-json\/wp\/v2\/tags?post=13001"}],"curies":[{"name":"wp","href":"https:\/\/api.w.org\/{rel}","templated":true}]}}

<section>
<div class="evenement-intro">
<div class="evenement-bg">
<a href="index.php/fr/toutes-les-videos/itemlist/filter?searchword5=Lunch+meeting&#038;searchword9=Appareil+locomoteur%3A+bilans+fonctionnels+et+outils+connect%C3%A9s&#038;moduleId=369&#038;Itemid=1731" alt="Voir la rediffusion de l'évènement"><i class="fa fa-play-circle"></i></p>
<div>Watch the replay</div>
<p></a><br />
      <img decoding="async" src="https://template2.orthopediste-lausanne.ch/wp-content/uploads/2024/05/lunch_meeting_mai_2024_home.jpg">
    </div>
<div class="evenement-box">
<div class="evenement-intro-text">
<h4>
    Lunch meetings<br />
  </h4>
<h1>
 Locomotor system: functional assessments and connected tools<br />
  </h1>
<p>      <span><br />
        <i class="pe-lg pe-7s-date"></i> May 2, 2024<br />
         </span><br />
          <span><br />
          <i class="pe-lg pe-7s-micro"></i>Dr. Jacques Vallotton, Dr. Nicolas Fragnière and Dr. Cédric Gubelmann<br />
          </span><br />
         <span><br />
        <i class="pe-lg pe-7s-map-marker"></i>  Peace Hotel – Lausanne<br />
           </span><br />
         <!-- 

<div class="alert alert-warning center  m-t-30" role="alert">
  Moins de 5 places restantes!
</div>

--><br />
<!--<a href="index.php?Itemid=2619&lang=fr-FR" class="btn btn-round btn-round-full-blue m-t-30" role="button">Inscription</a>--><br />
        <!--  <a href="#tarif" class="btn btn-round btn-round-full-blue btn-full m-t-30 link-bottom js-scrollTo disabled" role="button">Événement terminé</a>--><br />
      <a href="#tarif" class="btn btn-round btn-round-full-blue btn-full m-t-30 link-bottom js-scrollTo disabled" role="button">Registration closed</a><br />
          <a href="#plus" class="center p-t-20 link-bottom js-scrollTo">Learn more</a>
    </div>
</p></div>
</p></div>
</section>
<section id="plus" class="grey evenement-intro">
<div class="container">
<div class="row p-tb-150">
<div  class="">
<div class="col-xs-12 col-sm-8 col-md-7 col-lg-6">
<div class="">
<h4>
          Introduction<br />
          </h4>
<h2 class="barre-l">
         Lunch Meetings<br />
        </h2>
<p>
In collaboration with the Bois-Cerf Clinic, we are delighted to announce that the first Lunch Meeting of this year will take place on May 2, 2024.</p>
<p>This series of events aims to bring the medical community together around topics that facilitate daily practice in clinics. In this context, three conferences will be presented, addressing the role of functional assessments and connected devices in the management of the most common joint pathologies.
  </p>
</p></div>
</p></div>
<div class="col-xs-12 col-sm-4 col-md-4 col-md-offset-1 col-lg-5 col-lg-offset-1">
<div class="">
<div class="white box">
<h2 class="barre-l">
          Info<br />
          </h2>
<div class="info_ligne"><span>Kind:</span><strong>In person or streaming</strong></div>
<div class="info_ligne"><span>Date:</span><strong>May 2, 2024</strong></div>
<div class="info_ligne"><span>Hour:</span><strong>11:50 a.m. – 2:00 p.m.</strong></div>
<div class="info_ligne"><span>Credits:</span><strong>1 SSMIG/SGAIM credit</strong></div>
<div class="info_ligne"><span>Place:</span><strong>Peace Hotel – Lausanne</strong></div>
<div class="info_ligne"><span>Parking:</span><strong><a href="https://goo.gl/maps/eHyU1A32ndEFLjES6" target="_blank" rel="noopener">Mon-Repos</a> Or <a href="https://goo.gl/maps/MSz7kGC9dugEDZby8" target="_blank" rel="noopener">Caroline Cooperative</a>, 5 min. walk from the Hotel de la Paix</strong></div>
</p></div>
</p></div>
</p></div>
</p></div>
</p></div>
</p></div>
</section>
<section class="intervenants">
<div class="container">
<div class="p-t-150 p-b-120">
<div class="animation-trigger">
<h2 class="center barre animation animated fade-out fade-in">
  Speakers<br />
  </h2>
<div class="animation animated delay-05s fade-out fade-in">
    {loadmodule mod_minitekwall, lunch meeting May 2024}
      </div>
</p></div>
</p></div>
</p></div>
</section>
<section class="sponsors grey">
<div class="container">
<div class="p-tb-80">
<div class="animation-trigger">
<h2 class="center barre animation animated fade-out fade-in">Sponsors</h2>
</div>
<div class="animation-trigger sponsors-bloc">
<div class="row">
<div class="col-xs-12 animation animated fade-out fade-in">
<h4>Partners</h4>
</div>
</div>
<div class="row">
<div class="col-xs-12 col-sm-6 col-md-6 col-lg-6 animation animated delay-05s fade-out fade-in"><a href="https://www.hirslanden.ch/fr/clinique-bois-cerf/home.html" target="_blank" rel="noopener"><img decoding="async" alt="Hirslanden" src="images/logo/logo_hirslanden_BC.png" /></a></div>
<div class="col-xs-12 col-sm-6 col-md-6 col-lg-6 animation animated delay-05s fade-out fade-in"><a href="https://www.centre-ortho.ch" target="_blank" rel="noopener"><img decoding="async" style="padding:19px 0;" alt="Ouchy Orthopedic Center" src="images/logo_coo.png" /></a></div>
</div>
</div>
<div class="animation-trigger sponsors-bloc">
<div class="row">
<div class="col-xs-12">
<h4 class="animation animated fade-out fade-in">Gold Sponsor</h4>
</div>
</div>
<div class="row">
<div class="col-xs-12 col-sm-6 col-md-6 col-lg-6 animation animated delay-1s fade-out fade-in"><a href="https://permamed.ch/fr/" target="_blank" rel="noopener"><img decoding="async" alt="Permamed" src="images/logo/logo_permamed.png" /></a></div>
</div>
</div>
</div>
</div>
</section>
<section class="relative">
<div class="container">
<div class="row p-t-120 p-b-80">
<div class="animation-trigger">
<div class="col-xs-12 col-sm-5 col-md-5 col-lg-5 animation animated fade-out fade-in">
<h4>
      Place<br />
    </h4>
<h2 class="barre-l">
  Peace Hotel<br />
  </h2>
<p>
Located in downtown Lausanne, the Hôtel de la Paix welcomes you in a luxurious setting and offers breathtaking views of the Lake Geneva region. <a href="https://www.hoteldelapaix.net/fr/" target="_blank" rel="noopener">Learn more</a>
  </p>
</p></div>
<div class="col-xs-12 col-lg-6 col-lg-offset-1 ontop animation animated fade-out fade-in"></div>
</p></div>
</p></div>
</p></div>
<div class="container-fluid">
<div class="col-xs-12 col-sm-12 col-md-6 col-md-offset-6 col-lg-5 col-lg-offset-7 animation-trigger">
<div class="relative animation animated delay-05s fade-out fade-in" style="z-index:999;">
<div class="img-lieu">
    <img decoding="async" src="images/evenements/hotel_de_la_paix.jpg">
          </div>
</p></div>
</p></div>
<div class="row animation-trigger">
<div class="map animation animated fade-out fade-in">
<iframe src="https://www.google.com/maps/embed?pb=!1m18!1m12!1m3!1d2745.4413193776886!2d6.634579152337729!3d46.51916827902508!2m3!1f0!2f0!3f0!3m2!1i1024!2i768!4f13.1!3m3!1m2!1s0x478c2f3537b7e4ad%3A0x41885788c18adb02!2sH%C3%B4tel%20de%20la%20Paix%20Lausanne!5e0!3m2!1sfr!2sch!4v1657014771273!5m2!1sfr!2sch" width="100%" height="600" frameborder="0" style="border:0" allowfullscreen></iframe>
          </div>
</p></div>
</p></div>
</section>
<section class="tarif grey" id="tarif">
<div class="container">
<div class="row p-tb-120">
<div class="col-xs-12 col-sm-12 col-md-8 col-md-offset-2 col-lg-8 col-lg-offset-2">
<h2 class="center barre">
    Registration<br />
  </h2>
<p class="center">
        This training is reserved exclusively for doctors. Registration is available for live streaming sessions online.
      </p>
<div class="inscription center">
  <!-- 

<div class="alert alert-danger" role="alert">
            

<p class="center">
Événement terminé
      </p>


        </div>

--><br />
<!--<a href="index.php?Itemid=2619&lang=fr-FR" class="btn-round btn-round-blue">Inscription</a>--></p>
<p>     <a href="#tarif" class="btn btn-round btn-round-full-blue btn-full  disabled" role="button">Registration closed</a>
      </div>
</p></div>
</p></div>
</p></div>
</section>

<p>Voir la rediffusion Lunch meetings Appareil locomoteur: bilans fonctionnels et outils connectés 2 mai 2024 Dr Jacques Vallotton, Dr Nicolas Fragnière et Dr Cédric Gubelmann Hôtel de la Paix &#8211; Lausanne Inscription close En savoir plus Introduction Lunch Meetings En collaboration avec la Clinique Bois-Cerf, nous sommes ravis de vous annoncer que le premier Lunch [&hellip;]</p>
