{"id":13084,"date":"2018-11-20T09:06:25","date_gmt":"2018-11-20T09:06:25","guid":{"rendered":"https:\/\/template2.orthopediste-lausanne.ch\/ce-medecin-ne-travaille-plus-chez-medicol\/"},"modified":"2025-12-03T07:40:34","modified_gmt":"2025-12-03T07:40:34","slug":"this-doctor-no-longer-works-at-medicol","status":"publish","type":"page","link":"https:\/\/template2.orthopediste-lausanne.ch\/en\/this-doctor-no-longer-works-at-medicol\/","title":{"rendered":"This doctor no longer works at Medicol"},"content":{"rendered":"<div style=\"margin:50px auto 0 auto;max-width:800px;background:#fff;padding:40px;\">\n<div style=\"display:flex;justify-content:center;margin-bottom:10px;flex-direction:column;align-items:center;\" class=\"videos\">\n      <img decoding=\"async\" src=\"https:\/\/template2.orthopediste-lausanne.ch\/wp-content\/uploads\/2018\/11\/no-profile-doctor.png\" alt=\"default doctor image\" style=\"max-width:200px;margin-bottom:20px;\"\/><\/p>\n<h1 style=\"margin-top:0;text-align:center;font-size:2rem;\">\nDr. J\u00e9r\u00e9mie Gozzo no longer works at Medicol<br \/>\n<\/h1>\n<p style=\"padding-bottom:18px;text-align:center;\">\n  To make an appointment with the doctor who took over from him, we invite you to contact the Ouchy Orthopedic Centre.\n  <\/p>\n<p>  <a href=\"https:\/\/www.centre-ortho.ch\" target=\"_blank\" class=\"btn-round-full-blue\" rel=\"noopener\">Contact the center<\/a>\n <\/div>\n<\/div>","protected":false},"excerpt":{"rendered":"<p>Le Dr J\u00e9r\u00e9mie Gozzo ne travaille plus chez Medicol Pour prendre rendez-vous avec le m\u00e9decin qui a pris sa suite, nous vous invitons \u00e0 contacter le Centre Orthop\u00e9dique d&#8217;Ouchy. Contacter le centre<\/p>","protected":false},"author":1,"featured_media":12680,"parent":0,"menu_order":6,"comment_status":"closed","ping_status":"closed","template":"","meta":{"_acf_changed":false,"inline_featured_image":false,"footnotes":""},"categories":[268],"tags":[],"class_list":["post-13084","page","type-page","status-publish","has-post-thumbnail","hentry","category-joomla"],"acf":[],"_links":{"self":[{"href":"https:\/\/template2.orthopediste-lausanne.ch\/en\/wp-json\/wp\/v2\/pages\/13084","targetHints":{"allow":["GET"]}}],"collection":[{"href":"https:\/\/template2.orthopediste-lausanne.ch\/en\/wp-json\/wp\/v2\/pages"}],"about":[{"href":"https:\/\/template2.orthopediste-lausanne.ch\/en\/wp-json\/wp\/v2\/types\/page"}],"author":[{"embeddable":true,"href":"https:\/\/template2.orthopediste-lausanne.ch\/en\/wp-json\/wp\/v2\/users\/1"}],"replies":[{"embeddable":true,"href":"https:\/\/template2.orthopediste-lausanne.ch\/en\/wp-json\/wp\/v2\/comments?post=13084"}],"version-history":[{"count":0,"href":"https:\/\/template2.orthopediste-lausanne.ch\/en\/wp-json\/wp\/v2\/pages\/13084\/revisions"}],"wp:featuredmedia":[{"embeddable":true,"href":"https:\/\/template2.orthopediste-lausanne.ch\/en\/wp-json\/wp\/v2\/media\/12680"}],"wp:attachment":[{"href":"https:\/\/template2.orthopediste-lausanne.ch\/en\/wp-json\/wp\/v2\/media?parent=13084"}],"wp:term":[{"taxonomy":"category","embeddable":true,"href":"https:\/\/template2.orthopediste-lausanne.ch\/en\/wp-json\/wp\/v2\/categories?post=13084"},{"taxonomy":"post_tag","embeddable":true,"href":"https:\/\/template2.orthopediste-lausanne.ch\/en\/wp-json\/wp\/v2\/tags?post=13084"}],"curies":[{"name":"wp","href":"https:\/\/api.w.org\/{rel}","templated":true}]}}

<div style="margin:50px auto 0 auto;max-width:800px;background:#fff;padding:40px;">
<div style="display:flex;justify-content:center;margin-bottom:10px;flex-direction:column;align-items:center;" class="videos">
      <img decoding="async" src="https://template2.orthopediste-lausanne.ch/wp-content/uploads/2018/11/no-profile-doctor.png" alt="default doctor image" style="max-width:200px;margin-bottom:20px;"/></p>
<h1 style="margin-top:0;text-align:center;font-size:2rem;">
Dr. Jérémie Gozzo no longer works at Medicol<br />
</h1>
<p style="padding-bottom:18px;text-align:center;">
  To make an appointment with the doctor who took over from him, we invite you to contact the Ouchy Orthopedic Centre.
  </p>
<p>  <a href="https://www.centre-ortho.ch" target="_blank" class="btn-round-full-blue" rel="noopener">Contact the center</a>
 </div>
</div>

<p>Le Dr Jérémie Gozzo ne travaille plus chez Medicol Pour prendre rendez-vous avec le médecin qui a pris sa suite, nous vous invitons à contacter le Centre Orthopédique d&#8217;Ouchy. Contacter le centre</p>
